et v(w) = 1102*w + 25768. Give v(-23).
422
Let z(w) = w**3 - 25*w**2 - 94*w + 319. Calculate z(28).
39
Let f(q) = -46559*q - 139694. Give f(-3).
-17
Let n(d) = -d**3 - 59*d**2 + 126*d + 246. Give n(-61).
2
Let v(q) = 22439*q + 112196. Give v(-5).
1
Let q(r) = -2100*r + 52930. Calculate q(25).
430
Let b(l) = -2*l**2 - 18203*l - 761000. Give b(-42).
-2
Let q(j) = 2286*j - 13658. What is q(6)?
58
Let t(d) = -308*d - 12824. Calculate t(-42).
112
Let i(r) = 119*r**2 - 4983*r - 636. Give i(42).
-6
Let b(y) = 5*y**2 + 4559*y + 542805. What is b(-771)?
21
Let v(c) = -c**3 - 240*c**2 + 8094*c - 1645. Calculate v(-270).
-25
Let l(x) = x**3 - 103*x**2 - 2100*x + 7160. Determine l(120).
-40
Let w(n) = 1418*n**3 - n**2 - 3*n - 2. Determine w(-1).
-1418
Let z(x) = -111*x**3 - 6*x**2 - 391*x + 398. What is z(1)?
-110
Let a(n) = n**2 + 596*n - 10824. Calculate a(17).
-403
Let p(m) = 475*m - 4968. Determine p(17).
3107
Let g(t) = t**3 + 156*t**2 - 24*t - 27723. Give g(-155).
22
Let i(q) = 15*q**2 - 1746*q - 8730. Calculate i(-5).
375
Let z(g) = -4*g**3 + 963*g**2 - 3556*g + 197. Determine z(237).
-40
Let d(s) = s**2 - 1745*s + 277532. Give d(177).
-4
Let r(l) = -1456*l + 36. Calculate r(-1).
1492
Let n(r) = 3*r**3 - 5*r**2 + 94*r + 1165. What is n(-11)?
-4467
Let p(u) = -u**3 - 28*u**2 - 89*u - 534. Give p(-25).
-184
Let f(s) = -205*s**2 - 13114*s + 382. What is f(-64)?
-2
Let l(r) = 6*r**3 - 293*r**2 + 137*r - 8730. Calculate l(49).
384
Let n(a) = -6*a**2 + 374*a - 1620. Give n(59).
-440
Let t(k) = -1740*k**2 - 8745*k - 204. Give t(-5).
21
Let i(z) = 66178*z + 198535. Calculate i(-3).
1
Let z(m) = -2*m**3 + 56*m**2 + 9136*m + 403. Determine z(-55).
73
Let h(y) = 1648*y + 42855. Determine h(-26).
7
Let k(s) = -38*s**2 - 10312*s - 102821. Calculate k(-261).
13
Let z(m) = 2*m**2 + 40*m - 52793. What is z(153)?
145
Let m(w) = 20974*w - 629219. Determine m(30).
1
Let r(t) = -4*t**3 - 25*t**2 + 219*t + 1366. Determine r(-6).
16
Let z(i) = -i**3 - 14*i**2 - 2572*i - 38815. Give z(-15).
-10
Let c(q) = q**2 + 1057*q - 24849. Calculate c(23).
-9
Let y(f) = f**3 - 35*f**2 + 506*f - 418. Determine y(16).
2814
Let j(z) = z**3 + 5*z**2 - 752*z - 2988. Determine j(27).
36
Let g(j) = 3596*j + 82759. What is g(-23)?
51
Let v(h) = 3945*h**2 + 15773*h - 19. What is v(-4)?
9
Let m(l) = -7088786*l - 155953289. Calculate m(-22).
3
Let z(s) = 93*s**2 + 8559*s + 301. Give z(-92).
25
Let s(a) = 5*a**2 - 11064*a - 11064. Give s(-1).
5
Let n(h) = 4894*h - 185985. Determine n(38).
-13
Let a(v) = 4*v**2 + 6663*v + 33207. Calculate a(-5).
-8
Let b(c) = -160*c**2 - 1474*c + 1251. Calculate b(-10).
-9
Let p(i) = 6*i**3 + 332*i**2 + 149*i - 176. What is p(-55)?
-2321
Let a(p) = -2*p**2 - 4621*p - 137117. Calculate a(-30).
-287
Let b(q) = -q**3 - 6*q**2 + 55*q + 42. Give b(-6).
-288
Let b(a) = -546*a**2 - 17958*a + 1982. Give b(-33).
2
Let t(y) = 32250*y - 193617. What is t(6)?
-117
Let i(h) = -h**3 - 54*h**2 + 183*h - 2790. Calculate i(-58).
52
Let r(b) = -b**2 - 468*b + 6765. Calculate r(14).
17
Let k(m) = 813*m**2 + 3939*m - 644. Calculate k(-5).
-14
Let y(g) = 634*g - 3994. What is y(14)?
4882
Let v(m) = -18226*m - 5996366. Give v(-329).
-12
Let f(d) = -13*d**2 - 885*d - 14717. Determine f(-39).
25
Let l(i) = i**2 - 284*i - 3326. Give l(-11).
-81
Let f(a) = 4*a**3 + 51*a**2 - a - 471. Calculate f(-12).
-27
Let z(m) = -64*m**2 - 18*m + 55. What is z(4)?
-1041
Let w(z) = 17*z**3 + 187*z**2 + 46*z + 322. What is w(-11)?
-184
Let j(r) = -113*r + 633. Give j(-7).
1424
Let j(z) = -19171*z - 16974. Give j(-1).
2197
Let g(d) = d**3 + 2015*d**2 + 130517*d + 16. Give g(-67).
-51
Let j(x) = 31*x**2 + 487*x + 562. Determine j(-17).
1242
Let n(p) = -p**3 + 57*p**2 - 708*p - 161. Determine n(33).
2611
Let o(a) = -3*a**3 - 553*a**2 - 3849*a - 674374. Calculate o(-184).
-14
Let s(h) = -29*h**2 + 912*h + 73. Determine s(31).
476
Let b(q) = -q**3 - 8*q**2 + 3*q + 112. Give b(-13).
918
Let g(l) = -2078*l + 16570. Give g(8).
-54
Let l(n) = n**3 - 281*n**2 - 3308*n + 115821. What is l(291)?
3
Let f(h) = 7*h**3 + 19*h**2 + 62*h - 89. Calculate f(-5).
-799
Let b(n) = -138*n**2 + 274*n + 35. Give b(2).
31
Let n(x) = -x**3 - 6*x**2 + 2376*x + 25536. What is n(-11)?
5
Let j(l) = -l**3 - 79*l**2 - 1389*l + 1783. Give j(-29).
14
Let z(l) = 367829*l - 4413944. Determine z(12).
4
Let f(q) = 6*q**3 + 23*q**2 - 17*q - 106. Calculate f(-7).
-918
Let v(f) = 9*f**2 - 140*f + 395. Determine v(4).
-21
Let q(u) = 15211*u + 1484. What is q(0)?
1484
Let d(t) = -1594*t + 15812. Give d(10).
-128
Let o(p) = -68*p**2 - p + 707. Determine o(0).
707
Let m(z) = z**3 - 94*z**2 + 448*z - 11. Determine m(5).
4
Let a(l) = -313*l - 203472. Determine a(-650).
-22
Let n(k) = 54860*k - 5540869. Give n(101).
-9
Let t(q) = -38*q**2 + 10576*q - 13875. Calculate t(277).
-25
Let s(m) = -193*m - 7839. Determine s(-40).
-119
Let x(v) = 2*v**3 - 350*v**2 - 6132*v - 2. Determine x(-16).
318
Let u(y) = 7*y**2 + 3338*y - 20595. Calculate u(-483).
174
Let z(v) = 164716*v - 45791056. Calculate z(278).
-8
Let d(h) = h**2 + 87352*h + 33. Give d(0).
33
Let h(f) = 273*f**2 + 3254*f - 255. Give h(-12).
9
Let p(a) = a**3 + 563*a**2 + 16992*a - 14. Determine p(-32).
-14
Let p(o) = 2*o**3 - 27*o**2 - 32*o + 296. Determine p(12).
-520
Let w(i) = -i**3 - 9*i**2 + 692*i - 95. Determine w(22).
125
Let j(b) = 3*b**3 + 821*b**2 - 282*b - 2176. Give j(-274).
16
Let m(s) = -s**3 + 419*s**2 + 1379*s - 47471. Determine m(422).
215
Let y(s) = 343*s - 16826. Calculate y(49).
-19
Let l(s) = -32*s**2 - 2624*s - 5106. What is l(-80)?
14
Let z(o) = 233*o + 1. Give z(-1).
-232
Let d(q) = 117*q**3 + q**2 - 140*q - 7. What is d(0)?
-7
Let b(f) = f**3 + 294*f**2 + 2267*f - 154. What is b(-8)?
14
Let c(a) = 364*a - 5555. Determine c(17).
633
Let v(k) = 25150*k - 75998. Calculate v(3).
-548
Let u(m) = 1625*m - 36435. Determine u(23).
940
Let j(v) = -v**2 + 43274*v - 5135450. Calculate j(119).
-5
Let w(x) = -1820*x - 8541. Determine w(-6).
2379
Let q(p) = -p**2 - 39*p + 287. Determine q(-58).
-815
Let k(y) = -2*y**3 - 74*y**2 - 258*y + 206. Determine k(-33).
8
Let c(p) = -22*p**2 + 669*p - 870. Determine c(31).
-1273
Let r(j) = 22*j**3 + 32*j**2 + 776*j + 765. Determine r(-1).
-1
Let a(o) = -2*o**2 + 12011*o - 203604. What is a(17)?
5
Let d(l) = 5*l**3 + 909*l**2 - 173*l - 1114. Calculate d(-182).
-2752
Let k(u) = 2300*u + 20875. Determine k(-9).
175
Let z(t) = 11*t**2 - 422*t - 351626. Determine z(199).
7
Let i(d) = 1772*d - 26498. Determine i(15).
82
Let h(n) = 15*n + 1362. Give h(-107).
-243
Let t(y) = -5*y**3 + 46*y**2 - 844*y + 4479. Calculate t(6).
-9
Let f(t) = 51646*t + 826212. Calculate f(-16).
-124
Let c(w) = -3038*w - 2120359. Determine c(-698).
165
Let m(t) = 109*t - 1007. Give m(9).
-26
Let g(h) = 5*h**2 - 6804*h - 8162. Determine g(1362).
10
Let t(d) = d**3 + 84*d**2 + 854*d + 3725. Determine t(-73).
2
Let j(y) = -2*y**2 - 15381*y - 92196. What is j(-6)?
18
Let x(v) = 43*v**3 + 2*v**2 + 203*v - 615. Calculate x(3).
1173
Let c(t) = -2173*t - 438960. Determine c(-202).
-14
Let c(m) = -15*m**3 + 12*m**2 + 882*m + 872. Determine c(-1).
17
Let h(l) = 1893*l + 7436. What is h(-4)?
-136
Let c(p) = 18782*p + 7907249. What is c(-421)?
27
Let y(u) = -1586*u + 28798. Give y(17).
1836
Let v(p) = -12*p**3 + p**2 + 8*p - 59. Calculate v(4).
-779
Let x(t) = 7417*t - 1602074. Calculate x(216).
-2
Let s(k) = -k**2 + 359287*k - 7903825. What is s(22)?
5
Let o(r) = 206*r - 30253. Give o(147).
29
Let v(b) = -125*b**3 + 999*b**2 - 13*b + 203. Give v(8).
35
Let c(i) = 2*i**2 - 993*i - 347685. Determine c(-237).
-6
Let l(w) = w**2 - 69002*w - 207024. Calculate l(-3).
-9
Let r(b) = 8*b**3 - 97*b**2 + 318*b + 16. What is r(7)?
233
Let d(f) = -84*f**2 - 669*f - 14. Calculate d(-8).
-38
Let f(z) = -3*z**3 - 8*z**2 + 115*z + 678. Determine f(-6).
348
Let z(c) = -c**3 - 136*c**2 - 554*c + 13233. Determine z(-131).
2
Let q(b) = -2*b**3 - 26*b**2 - 60*b - 9. Determine q(-3).
-9
Let h(i) = 15952*i - 1403754. What is h(88)?
22
Let u(r) = -2*r**3 - 326*r**2 - 956*r + 579. Determine u(-160).
-61
Let k(x) = -11897*x - 35482. Calculate k(-3).
209
Let f(p) = -31605*p + 189603. What is f(6)?
-27
Let j(n) = 562*n - 20040. Determine j(41).
3002
Let c(o) = o**2 - 50*o - 93055. Give c(-281).
-44
Let w(n) = 61